it of i?
3
Suppose -5*x - 3*j = -0 - 10, -j = 5*x - 10. Suppose -b + 481 = 3*b + 3*o, -x*b + 233 = -o. What is the tens digit of b?
1
Let s(x) = x**3 + 20*x**2 + 20*x + 80. What is the units digit of s(-17)?
7
Suppose a - 8 = 2. Let w = a + -7. Suppose w*p = 6*p - 15. What is the units digit of p?
5
Let a(y) = y - 22. Let g be a(22). Suppose 7*t + 0*t - 847 = g. What is the units digit of t?
1
Let a(y) = -283*y + 209. What is the thousands digit of a(-10)?
3
Suppose -17028 = -309*s + 298*s. What is the units digit of s?
8
Let t = -255 + 792. What is the tens digit of t?
3
Suppose 3*b + 33 = 6. Let w(h) = -h**3 - 9*h**2 + h + 9. Let d be w(b). Suppose d*c - 192 = -4*c. What is the tens digit of c?
4
Let r(f) = 216*f + 9. What is the hundreds digit of r(2)?
4
Let c = 604 - 361. Suppose 6*n - 279 = c. What is the tens digit of n?
8
Suppose 309 + 67 = -4*b. Let a = -30 - b. What is the tens digit of a?
6
What is the units digit of (-46233)/(-66)*(-2)/(-3)?
7
Let c be (9/4)/(3/32). Let h = c + -34. What is the units digit of 18/4 - (-5)/h?
4
Suppose -3*f - 191*n = -188*n - 5244, -4*f + 6978 = -3*n. What is the tens digit of f?
4
Let p = 13 + 2. What is the units digit of (10/p*-9)/((-6)/32)?
2
Let n(p) = -p - 7. Let d be n(-4). What is the tens digit of d/(5/380*-2)?
1
Let g(t) = t**3 - 11*t**2 + 20*t + 29. Let m be g(8). Let q = -7 - -13. What is the units digit of (q/(-5))/(m/10)?
4
Let i be -3 - (-160)/(2 + 3). Let n = -15 + 27. Let x = i - n. What is the units digit of x?
7
Let g(w) = w**2 + 5*w - 14. Let r be g(-7). Suppose -81 = -k - 2*p, r = 2*k - 3*p - 8 - 140. What is the units digit of k?
7
What is the thousands digit of 1117 + (-3)/(1*15/10)?
1
Let c(b) be the second derivative of -b**5/20 - b**4/12 + 7*b**2/2 + b. What is the units digit of c(0)?
7
Let n(o) = -2*o**2 + 6*o + 4. Let b be n(3). Suppose 2*f = -b*y + 82, 156 = 3*f - 3*y + 15. What is the tens digit of f?
4
Suppose 4*h + 2*k = 1368, 19*k = h + 20*k - 342. What is the units digit of h?
2
Suppose -3*t - 27 = -8*t - 4*w, t - 12 = -3*w. Suppose g - 50 = 5*r, 8*g - 3*r - 228 = t*g. What is the tens digit of g?
4
Let f be (((-6)/(-2))/(-1))/(5/(-255)). Let k = -53 + f. What is the units digit of k?
0
Let v(t) = 9*t**3 + t**2 - 2*t + 1. Let b be v(1). Let q(g) = -2*g**2 + b*g**2 + 3*g - 6*g**2. What is the tens digit of q(4)?
2
Let o be -28*((-3)/18 - (-28)/6). Let a = o - -228. What is the hundreds digit of a?
1
Let a = 1 + 26. What is the tens digit of 627/a + (-8)/36?
2
Suppose -2*l + 5*w + 84 = -19, 4*l - 176 = 4*w. Let r be (48/10)/(88/(-220)). Let u = l + r. What is the units digit of u?
7
Let i = 30 + 39. Suppose -36 = -5*u + i. Suppose -16*w + u*w = 150. What is the tens digit of w?
3
Let b = 98 + -191. Let d = b - -161. What is the units digit of d?
8
Suppose 5*l + 2 = -23. Let p(r) = r**2 + 5. Let u be p(l). What is the units digit of (-820)/u*3/(-2)?
1
Suppose m - 10 = o - 4*m, -2*m = -o + 2. Let g be -47 - 1/(1/1). Let s = o - g. What is the units digit of s?
8
Suppose -6*b + 5*b = -7. Suppose -9*y + b*y + 20 = 0. What is the tens digit of 44 + y + 1*2?
5
Suppose -4*q + 8 = g, -6 = 2*g + 2. Suppose 2*x = q*x - 4*d + 16, -2*x + 28 = 4*d. Suppose -4*j + 2*j + x = 0. What is the units digit of j?
2
Let h be 232 - ((-35)/(-5) - 3). Suppose -160 = -y + 5*x, x - 88 + h = y. What is the tens digit of y?
3
Let c be (-2)/7 + 38/(-14). Let f be 3*c/(-9) + 4. What is the units digit of f*(6 - 1)*1?
5
Let u be 7/(1*-1) - -1. Let q(w) be the second derivative of -w**5/20 - 5*w**4/12 + 5*w**3/6 - 2*w**2 - 136*w. What is the units digit of q(u)?
2
Suppose -9*c - 810 = -15*c. Suppose -200 = 2*s - 48. Let w = c + s. What is the units digit of w?
9
Let f = 200 - 115. Let h = f + -120. Let a = 59 + h. What is the units digit of a?
4
Suppose 4*d + 25 = -411. Let u = d + 357. What is the units digit of u?
8
Suppose -4*s - 32 = -2*p - p, 10 = -2*s. Suppose -166 = -p*h - h - 3*n, 0 = -3*h - 4*n + 93. What is the units digit of h?
5
Suppose -1245 = 22*u - 7559. What is the tens digit of u?
8
Let k = 18 + -17. Suppose -k - 38 = -3*i. Suppose -i*b + 14*b = 66. What is the tens digit of b?
6
Suppose c - 2120 = -m + 3612, 3*c + 2*m = 17192. What is the hundreds digit of c?
7
Suppose 0 = -6*o + 8*o + 5*m - 1126, 1158 = 2*o - 3*m. What is the tens digit of (-1 + o/(-15))*(1 + -6)?
9
Let g be (-4 - -3)*(2 - (0 - -1)). What is the tens digit of ((-184)/(-4) - -1)/(g/(-2))?
9
Let k(s) = -s**2 + 14*s + 90. What is the units digit of k(0)?
0
Suppose 0 = 11*r + 13901 - 55140. What is the hundreds digit of r?
7
What is the units digit of (-10)/25*(0 + -1000)?
0
Let b be 0 - 2 - 15/1. Let h = b + 19. Suppose 0 = h*y - 23 - 31. What is the tens digit of y?
2
Let i be 255/21 + (-6)/42. Let v = 14 - i. What is the units digit of (6/(-8))/(v/(-136))?
1
Suppose -2535 - 552 = -9*b. What is the tens digit of b?
4
Suppose 14*h = 32*h - 35424. What is the thousands digit of h?
1
Suppose 0 = -u + s + 1043, -3*s + 162 = u - 881. What is the thousands digit of u?
1
Suppose 8 = -18*q + 16*q, 0 = 2*s - 3*q - 892. What is the units digit of s?
0
Suppose 5*z - 5 = -2*h, 0*z - z + h + 1 = 0. Let v = -81 + 84. What is the tens digit of 81/v*(2 - z)?
2
Let w(q) = q**3 + 13*q**2 - 32*q - 30. Let k be w(-15). Suppose -u + 168 - 145 = k. What is the units digit of u?
3
Let v = -215 - -220. Suppose -2*o = -1 - 5. Suppose 3*u + u + o*s = 165, -5*u + 215 = -v*s. What is the units digit of u?
2
Let m(o) = 27*o - 3. Suppose -2*z - 24 = -3*w + z, -z + 12 = 3*w. What is the units digit of m(w)?
2
Let t = 37 + -52. Let g = -25 - t. What is the tens digit of (-4)/g*5 + 26?
2
Let d = -48 - -50. Suppose -2*x = 2*o - 144, d*x - 144 = o + o. What is the tens digit of x?
7
Let m = 2446 - 1612. What is the tens digit of m?
3
What is the thousands digit of 1832*((-55)/11 - -6)?
1
Suppose 0 = -34*f - 31*f + 57590. What is the tens digit of f?
8
Let t = 211 + 737. What is the hundreds digit of t?
9
Suppose d + 436 = -5*l, 5*l = 3*d - 252 - 180. Let v = l - -152. What is the units digit of v?
5
Suppose 2*p + 6032 = 2*d, 3*d + 3*p - 9367 + 289 = 0. What is the hundreds digit of d?
0
Let j(w) = 10*w + 11. Let a be j(6). Let q = 15 - 9. What is the tens digit of 3/q + a/2?
3
Let n(c) = -c**2 + 12*c + 16. Let a be n(12). Let t = a + -14. Suppose t*u - 65 = f, -2*u + 2*f + 63 = 3*f. What is the tens digit of u?
3
Let t be 15/25 + 44/10. Let a(c) = 32*c - 11. What is the hundreds digit of a(t)?
1
Suppose 5*i + i = -774. Let j = 188 + i. What is the tens digit of j?
5
Let k = -277 - -291. What is the tens digit of k?
1
Let x(c) = c**3 + 10*c**2 + c + 1781. What is the units digit of x(0)?
1
Let u = 177 + 33. Suppose -u = 2*b - 4*b. What is the hundreds digit of b?
1
Let t = -29 + 225. What is the tens digit of t?
9
Let i = -4406 + 8698. What is the thousands digit of i?
4
Suppose -b - 1 = -0. Let g(d) = -204*d**3 - 2*d - 1. What is the units digit of g(b)?
5
Let w = 121 + -44. Let b = w + -56. What is the tens digit of b?
2
What is the hundreds digit of (3/(-1) - -1785) + 38/19?
7
Let g = -1300 + 2231. What is the units digit of g?
1
Let c(m) = m - 5. Let j be c(5). Let a = -197 + 230. Suppose j = 5*b - 5*l - 40, 2*b - 4*l + 11 = a. What is the units digit of b?
5
Let y(l) = -l**2 + 6*l + 3. Let p be y(7). Let f be (-6)/p + 180/(-24). What is the tens digit of f/(-15) + 1572/20?
7
Let i(t) = 31*t**2 - 4*t - 42. What is the tens digit of i(-5)?
5
Let t = 35 + -63. Let k(d) = -10*d - 97. What is the hundreds digit of k(t)?
1
Suppose 0*v + 58 = -2*v. Let n = v - -50. Suppose 0 = 5*d + n - 1, 4*u + 3*d - 28 = 0. What is the units digit of u?
0
Suppose 27*t = 60227 - 7037. What is the thousands digit of t?
1
Let m be -1*(-6)/(-10) + (-76)/(-10). Suppose 6 = -2*k, m*y - 160 = 3*y - 4*k. What is the units digit of y?
3
Suppose -2*i = 8*i - 4920. What is the hundreds digit of i?
4
Suppose 7*r - 2921 + 177 = 0. What is the units digit of r?
2
Let i(u) be the second derivative of -u**5/20 + 198*u**2 - 8*u. Let z be i(0). Suppose -z + 86 = -5*t. What is the units digit of t?
2
Let n(c) be the first derivative of c**4/4 - 11*c**3/3 + 5*c**2 + 3*c + 5. Let u be n(10). Let r(v) = 10*v - 2. What is the units digit of r(u)?
8
Let h = 19 - -879. What is the units di